**2. Is f(n) composite?
True
Suppose 0 = -2*i, -23*i + 19*i = 3*y - 825. Let x(q) = -9*q**2 + 3*q + 3. Let l be x(-3). Let o = y - l. Is o composite?
True
Let v be 261528/10 - (-36)/30. Suppose -d - 6851 = -v. Is d a prime number?
False
Suppose 2*m = -d + 3, 3*m + 2*d - d - 7 = 0. Is ((-3511)/m)/((-6)/24) a composite number?
False
Suppose 0 = -13*n + 14*n - 6. Let g be 8/(-10)*(-15)/n. Is (-1)/(g/(-6)) - -926 a composite number?
False
Suppose 0 = -2*v + 2*p + 54, 0*v + v = -3*p + 43. Let b = v + -30. Is b/(-2) - (-17605)/14 prime?
False
Suppose 5*h = 7*h - 62. Let k = 27 - h. Is 6314/8 - (0 + k/(-16)) a composite number?
True
Let o(r) = 208*r + 125. Let s(u) = -17*u - 453. Let m be s(-27). Is o(m) prime?
True
Let p = 1088 + 290. Is -1*-2*(p - -3) a prime number?
False
Suppose z + 871043 = 2*c + 273367, -896499 = -3*c + 4*z. Is c a composite number?
False
Suppose -2907918 - 729400 - 56630 = -12*m. Is m prime?
False
Let f = -632656 - -1735553. Is f a composite number?
True
Let i be (15/40)/((-9)/12)*-134. Suppose 0 = -i*d + 55*d + 3468. Is d a composite number?
True
Is -26 + 21 - 4176*-7 prime?
False
Let w(i) = 1089*i**2 + 14*i - 27. Is w(-8) composite?
False
Suppose -k - 6*b = -b - 7430, k - 3*b = 7414. Let v = k + -1467. Is v a composite number?
False
Suppose 9*k - 11*k = -92778. Let u = k + -30704. Is u composite?
True
Let u be (-34)/(-221) + (-1322)/(-26). Suppose l = -3*v - 143 - u, -4*l - 3*v = 776. Let r = 1167 - l. Is r prime?
True
Let q be 3490 - (-60)/(-24)*2/(-5). Suppose 8*b + 4*y = 3*b + 5843, 0 = -3*b + 5*y + q. Is b a prime number?
False
Suppose 0 = 7*l - 703184 - 317843. Is l a prime number?
True
Let h = 1 + 2. Let j(m) = 453*m**2 + 7*m - 23. Let r be j(3). Suppose -8*y = -h*y - r. Is y composite?
True
Let d(v) be the third derivative of -v**5/60 + 7*v**4/24 + 7*v**3/6 + 3*v**2. Let b be d(4). Suppose -8454 = -b*s + 13*s. Is s composite?
False
Suppose -z + 5*u = -2, -z = 3*z - 4*u - 8. Suppose 2854 - 19456 = -z*v. Is v prime?
False
Suppose -2*f - 840698 + 39681 = -5*z, z - f - 160204 = 0. Is z prime?
False
Suppose -5*r + 12946 = 3*g, 3*g = 63*r - 59*r + 12955. Is g composite?
True
Let j be 55655*(217/(-35) - -9). Is ((-3)/6*-6)/(42/j) composite?
False
Let d = -3277 + 9636. Suppose -1346 = 9*h - d. Is h a prime number?
True
Let f = 2538235 - 758258. Is f a composite number?
True
Let k(z) = -z**3 + 4*z**2 - z + 4. Let p be (10 - 0)*((-6)/10 + 1). Let f be k(p). Suppose f = -l + 4*x + 143, 3*l - 5*l - 4*x + 238 = 0. Is l composite?
False
Let k be 6 - (6/(-2) + (11 - 5)). Let b be 662/(-4)*(6 + k + -11). Suppose -10*c + b = -9*c. Is c a composite number?
False
Let h = -214 - -216. Suppose 0 = -4*s + h*x + 35497 - 1417, 0 = -2*s - 5*x + 17052. Is s a prime number?
True
Let y(c) = 13*c - 11 - 5*c - 13 + 5*c. Let p be y(-19). Is p/((-2)/12*2) composite?
True
Let v = 4523 + 218. Is v a prime number?
False
Suppose 161*b - 29801518 = 16113911. Is b a composite number?
True
Let t(b) = -b + 2. Let l(k) be the first derivative of 586*k**2 - 11*k + 27. Let d(m) = l(m) + 5*t(m). Is d(2) prime?
True
Let m be ((-3891)/6)/((-3)/6). Let z = -564 + m. Is z prime?
True
Suppose 403 + 1089 = g + 5*b, b + 5884 = 4*g. Let c = -968 + g. Let m = c - -857. Is m composite?
False
Let d(r) = -2*r**3 - 30*r**2 + 8*r - 13. Let y = 188 - 204. Is d(y) prime?
False
Let r(x) = -17*x + 186. Let t be r(11). Is 9165 - (-4)/8*(-4)/t a composite number?
True
Suppose 9486*x - 9501*x = -278835. Is x prime?
False
Suppose 3704520 = -2288*v + 2328*v. Is v a composite number?
True
Suppose 85 = b + 3*b - f, 5*b + 4*f = 80. Suppose -b*v + 112 = -16*v. Let g = v - -483. Is g a prime number?
False
Let h(j) = 9*j + 38. Let f be h(-12). Let q = f + 103. Is 2221 - ((-6)/q - 4/(-22)) a prime number?
True
Let o(a) = 29*a + 1. Let i(n) = -28*n. Let y(v) = -5*i(v) - 4*o(v). Let r be y(-6). Let s = 474 - r. Is s a composite number?
True
Suppose -y = -b + 22603 + 76250, 5*b - 494261 = 3*y. Is b prime?
False
Let z(t) = 14377*t + 6361. Is z(10) a composite number?
False
Let t be 4/32*8 + 0. Is (36085/7 + -8)/t prime?
True
Let s(k) = 61*k - 13. Let q(r) = 30*r - 6. Let p(m) = -9*q(m) + 4*s(m). Let j be p(-9). Is ((-48)/32)/((-2)/j) composite?
True
Let x = 72074 + -32401. Is x a composite number?
True
Let d = -7181 - -3954. Let l = -1024 - d. Is l composite?
False
Let d(b) = 308*b**2 - 10*b + 11. Is d(-15) composite?
True
Suppose -9*d + 124773 = -5*d + 29*d. Is d a composite number?
True
Let r = -4979 - -2605. Is r/(-3)*-18*10/(-120) composite?
False
Let q be (-16 + -1)*(-4 - -18). Suppose 8338 + 2762 = -20*y. Let l = q - y. Is l a prime number?
True
Let p = 259 + 37. Suppose 4*q - 124 = 2*n - q, 4*n = -2*q - p. Let w = 245 - n. Is w a prime number?
True
Suppose -235*p + 2864455 = -14011966 - 777249. Is p a prime number?
False
Let i(m) = 4*m**3 + 3*m**2 + 10*m + 4. Let o be i(6). Suppose 0 = -3*t + 86 + o. Let j = t - 171. Is j a composite number?
True
Let k be (-1621)/(3 - (6/2 + -1)). Let i = k + 3460. Is i a composite number?
True
Suppose -7*k = -8*k + 3. Let o(l) = -98*l**3 + 3*l**2 - 3*l - 3. Let p be o(k). Let x = p + 8210. Is x composite?
True
Let m(l) = 671*l**3 + 5*l**2 - 13*l + 20. Is m(3) a prime number?
True
Let q(l) = -1106*l - 45. Let a be q(6). Let f = a + 10250. Is f a composite number?
True
Let m = 3 - 1. Let k(z) = 15*z - 537. Let j be k(36). Suppose -3*i = -4*v + 1629 + 1213, -m*v + j*i = -1424. Is v prime?
True
Let s be (-1)/(-4) + 19/4. Suppose s*u - 13705 = 16630. Is u a prime number?
True
Let a be (-6)/(-39) + 7/((-182)/(-100)). Suppose a*c = 10*c - 24. Suppose 0 = 4*h - f - 6899, -2*h = -c*f - 2176 - 1256. Is h composite?
True
Let y be 5 - (7/((-28)/(-36)) + 2). Is 479 - (y/6 + 1) a prime number?
True
Is (6 - 7)*(33107/2)/((-4)/8) prime?
True
Let m(v) = 6*v**3 - 43*v**2 - 56*v - 654. Is m(35) composite?
False
Is ((-144659)/(-4))/(49/(-9016)*-46) composite?
False
Let i be -4 - (-13 - (-1 + -1)). Suppose 3*t - i*t = -20. Suppose -t*b = 4*a - 3611, -3*a - 4913 = -5*b - 1330. Is b a prime number?
True
Let p(l) = l**2 + 14*l - 19. Suppose 0 = 4*f - 3*f + 49. Let k = -41 - f. Is p(k) composite?
False
Let b = 1565 + -881. Let y = b - -575. Is y a prime number?
True
Suppose -5*g + 25 - 70 = 0. Let c(q) = 26*q**2 - 12*q - 19. Let s be c(g). Suppose -11*v - s = -16*v. Is v a prime number?
True
Suppose -2*c = 2 - 6. Suppose -c*s - 1980 + 506 = 0. Let h = s + 2470. Is h prime?
True
Suppose 3*v + 552682 = k, -5*k + 2*k + 921134 = -5*v. Is 6/(-15) - v/20 prime?
False
Suppose 734*y = 681*y + 34663855. Is y a prime number?
False
Suppose 179*f - 2797004 = 25*f + 3062850. Is f a prime number?
False
Let n be 28/6*18/42. Suppose -n*p = 2*g - 1508, -4*g - 5*p + 1698 + 1314 = 0. Is g a composite number?
True
Let x = -437065 - -960984. Is x prime?
False
Suppose 41 = 5*p - 4. Is (-44)/198 - (-59735)/p a prime number?
True
Suppose 0 = -h + 4, 0 = -4*z + 180*h - 176*h + 2867876. Is z prime?
False
Suppose 0*u + 5*w - 255 = 2*u, -345 = 3*u + 5*w. Let b be (u/(-70))/(3/21). Let x(t) = 56*t - 5. Is x(b) a composite number?
True
Let o = -45 + 47. Suppose h = 3*p + 5925, -5*h = 6*p - o*p - 29549. Let y = -3208 + h. Is y prime?
False
Let x(y) = y**3 - 9*y**2 + 10*y - 10. Let g be x(8). Suppose -18 = -w - g*o + 4*o, 2*o - 58 = -5*w. Let z = w - -105. Is z a prime number?
False
Let d = -43 + 38. Let y(t) = -588*t - 19. Is y(d) a prime number?
False
Let n be 64650/3 - (-2 - 2). Suppose 66*p = 53*p + n. Is p prime?
False
Suppose 5*u - 595799 = s, -5*u + 248499 = -2*s - 347304. Is u a composite number?
False
Suppose -11*r + 13*r = 0. Suppose q = 3, k + 2*k - 5*q + 60 = r. Let t(p) = p**2 - 19*p - 5. Is t(k) a prime number?
False
Let k = 325651 + -138044. Is k composite?
True
Suppose 20*a - 85*a - 11252920 + 39645375 = 0. Is a prime?
False
Let a = -284 - -286. Suppose 0 = -3*x - a*g + 5679, 0 = -3*x + x - 3*g + 3781. Is x prime?
False
Suppose 45*s - 7525 + 9056 = 33076. Is s prime?
True
Let n = -12 + -5. Let k(y) = y**3 + 14*y**2 + 17*y + 2. Let v be k(n). Is 4/(-10) - v/10 prime?
False
Suppose -101*g + 103*g = 3*d + 245804, 0 = -g - 4*d + 122935. Is g a composite number?
True
Let p = 0 + 14. Let g(c) = c**3 - 19*c**2 + 17*c - 9. Let l(y) = -y**2 + y. Let w(q) = -g(q) + 3*l(q). Is w(p) composite?
True
L